5). Let t be k(m). Suppose -4*s = -t + 9. What is the tens digit of s?
1
Let r(l) = l**2 + 4*l - 8. Let u = 1 + -7. Let c be r(u). What is the units digit of (-65)/(-9) + c/(-18)?
7
What is the units digit of (5/(-15))/(1/(-3))?
1
Suppose t = 3*a + 58, -4*t + 151 = a - 68. What is the units digit of t?
5
Suppose 5*i = 3*i - 3*o + 23, 4*i + 5*o - 43 = 0. Suppose -3*g + 2*g + 16 = 4*p, -8 = -g - 2*p. Let u = i + g. What is the units digit of u?
7
Suppose 0 = n - 4*u - 8, -8 = 4*u - 0*u. Suppose -5*l - 15 = 4*m - n*m, 2*m = -4*l - 6. Let r = 3 - l. What is the units digit of r?
2
Let n(m) = 10*m - 17. What is the hundreds digit of n(16)?
1
Suppose 2*c + 24 = 2*y, -3*y - 4*c + 68 = 18. Suppose 3*u - 42 + 1 = 4*o, -4*o - 3*u - 23 = 0. Let f = y + o. What is the units digit of f?
6
Let i(x) = 4*x**2 - 2*x - 4. Suppose 4*w - w = -9. What is the units digit of i(w)?
8
Let v = -13 + 13. Suppose v = l - 4*l + 96. What is the tens digit of l?
3
Let a(v) = -v**2 - 5*v - 3. Let u(r) be the third derivative of -r**5/60 + 13*r**4/24 - 7*r**3/3 + 3*r**2. Let k be u(12). What is the units digit of a(k)?
3
Suppose -4*z - 2 - 2 = 0. Let f be 3/2*4 + z. Suppose f = 3*v - 10. What is the units digit of v?
5
Suppose 0 = 2*k - 3 + 15. Let q be (2/k)/(1/(-15)). Suppose -t - 1 = -u + 2, 2*u - q*t = 6. What is the units digit of u?
3
Let w = -3 + 5. Let n be (w - -12)*(-3)/(-2). Let f = n - 15. What is the units digit of f?
6
Suppose -3*i = -p - 0*i + 8, 8 = -4*i. Suppose 3*v + 4*n = -1, p*v + 3*n + 7 = 6*v. What is the units digit of v?
1
What is the units digit of (-444)/(-22) + 8/(-44)?
0
Let p = 3 + 3. What is the units digit of p?
6
Let s be 4*(-2)/(-5 - -3). Suppose -2*k + s*b + 10 = 0, b + 3 = -k + 2. What is the units digit of k?
1
Let w = -8 + 12. Let q be w/12 - (-83)/3. Let h = -20 + q. What is the units digit of h?
8
Suppose -2*h - 3 = -5*h. Let v be h/(-3) - 1/(-3). Suppose -2*l = -5*i - l + 82, 2*i - 2*l - 36 = v. What is the tens digit of i?
1
Let k = 12 + 129. What is the hundreds digit of k?
1
Suppose -4*y - 126 = -5*m, -3*y + y - 74 = -3*m. Suppose 0 = 5*q - m - 18. What is the units digit of q?
8
Suppose -2*l + 2*o = -58, -5*l - 4*o = -78 - 40. Suppose 0 = 3*a - a - l. What is the units digit of a?
3
Let q(j) = 2*j**2 - 11*j - 18. What is the units digit of q(9)?
5
What is the tens digit of 86 + -7 - (1 + -2)/1?
8
Let q(s) = 43*s**3 - 2*s**2 + 1. What is the units digit of q(1)?
2
Let p be 2*1/(-1 - -2). Let s(f) = 4*f + f**2 + 8 - p*f**2 + 2 - 4. What is the units digit of s(5)?
1
Let o(d) = 5*d**2 + d. Let q(b) = b + 5. Let s be q(-6). Let i be o(s). Suppose -59 = -i*r - j + 6*j, -5*j + 7 = 2*r. What is the tens digit of r?
1
Suppose -159 = -2*d + 2*o - o, -d + 66 = -5*o. What is the units digit of d?
1
Let x(m) = m + 13. What is the tens digit of x(-3)?
1
Let k(u) be the first derivative of u**3/3 - 3*u**2/2 + 2*u - 2. Let o be k(4). What is the units digit of 176/18 - o/(-27)?
0
Let p(s) = -s**3 + 7*s**2 + 10*s - 10. Let x be (1 + -4)/((-3)/8). Let k be p(x). Suppose -4*v - 5*f + 31 = 0, -v - 2*f - 2*f = k. What is the units digit of v?
4
Let u(n) = -3*n**2 + 2*n + 1. Let b be u(-1). Let l = b + 1. What is the units digit of 84/18 - 1/l?
5
Let d(k) = -k - 12. Let f be d(-16). Suppose -f*w + 78 = -2*w. What is the tens digit of w?
3
Let c(w) = 6*w + 6. Let x be c(8). Suppose -x = -3*d + d. What is the tens digit of d?
2
Suppose 3*q = 15, -q + 60 = 4*w - 5*q. What is the units digit of w?
0
Suppose -5*t + 11 = -4. What is the units digit of t?
3
Let k = -299 - -509. What is the hundreds digit of k?
2
Let y be 10/3*6/5. Suppose -100 = -y*u - u. What is the tens digit of u?
2
Let g = -17 + 2. Let r be (-10 - -6) + (-2 - -1). Let d = r - g. What is the units digit of d?
0
Suppose 0 = -2*z + 82 + 16. Let r = -25 + z. What is the units digit of r?
4
Let q(m) = -m**2 - 6*m + 4. Let x be q(-7). Let c = 5 + x. Let p(o) = 3*o**2 - o - 1. What is the units digit of p(c)?
9
Let h be (1/(-3))/((-6)/918). Let o = h + -32. What is the tens digit of o?
1
Let f(s) = 23*s. Let g be f(-1). Let o be (-2)/(-10) - (-132)/(-10). Let u = o - g. What is the units digit of u?
0
Suppose -14*i = -18*i + 524. What is the units digit of i?
1
Let k(h) be the first derivative of 3/2*h**2 - 3 + 4*h + 2/3*h**3. What is the tens digit of k(-3)?
1
Suppose 3*y + 350 = 8*y. Suppose 2*u + 2*r = 76, -5*u + r = -96 - y. What is the units digit of u?
4
Let k(j) = -4 + 4 - 2*j. Let g be k(-1). Suppose g*b + 11 = 5*p - b, 0 = -5*p - b + 23. What is the units digit of p?
4
Let t be (-4)/(-4) + 18/(-2). Let m = 24 + t. What is the units digit of m?
6
Let p(b) = b**2 + 4*b - 4. Let c be 21/(-3) - (1 + -1). What is the units digit of p(c)?
7
Suppose 4*b + 16 = -3*j, j - b = 2*j + 5. Let h = 1 - j. What is the units digit of h?
5
Let h(u) = -u - 1. Let f be h(-4). Let x(c) = 2*c**2 - c + 4. What is the tens digit of x(f)?
1
Suppose -2*g + v = -1, -3*g = -0*g + 5*v - 21. Suppose -13 = -5*b + g. What is the units digit of b?
3
Suppose -g - 4*j + 23 = 0, -3*g - 4*j + 66 = -g. What is the units digit of g?
3
Let r(n) = n**3 - 2*n**2 - n - 1. What is the tens digit of r(4)?
2
What is the units digit of (1 - 3)*(-117)/26?
9
Let o(g) = -33*g**3 + g + 1. Let d be o(-1). What is the units digit of 2/7 + d/7?
5
Let x(j) = -j**2 + 9*j - 6. Let q = -16 + 24. What is the units digit of x(q)?
2
Suppose d - 5 + 3 = 0. Suppose -7*w = -d*w - 120. Suppose 3*u = 5*f - 30, -6*f + 3*u = -3*f - w. What is the units digit of f?
3
Suppose 2*j + 2*j = -4. What is the units digit of j/(-2) + 82/4?
1
Let x(c) = -c**3 + 6*c**2 + 2*c + 1. What is the units digit of x(5)?
6
Suppose 4*j + 5 = w - 4, -j = 3*w - 53. Suppose 2*b = -5 + w. What is the units digit of b?
6
Let d = -59 - -97. What is the tens digit of d?
3
Let g be 6/(-8) + 1/(-4). What is the tens digit of 0/4 + 30 - g?
3
Let g = 11 + -21. Let p(o) = -3*o + 9. What is the tens digit of p(g)?
3
What is the tens digit of (-172)/(-14) - 4/14?
1
Suppose 0 = 15*g - 17*g + 136. What is the units digit of g?
8
Suppose -2*v + 524 = -l, 3*v - 781 = -0*v + 4*l. What is the tens digit of v?
6
Let o = 3 + -1. Let b(a) = 2*a**3 + 3*a**2 - 2*a - 2. Let t be b(o). Let d = 36 - t. What is the tens digit of d?
1
What is the tens digit of (-44)/33*150/(-4)?
5
Suppose 0 = 3*n - 20 - 7. Let u(p) = p**3 - 9*p**2 + 7. What is the units digit of u(n)?
7
Suppose -5*d + 3 = -22. Suppose -20 = -d*a + a. What is the units digit of a?
5
Let u be 3/(-4)*48/(-2). Suppose 2 = -w - v, -w - 4 = 5*v + u. Let c = 7 + w. What is the tens digit of c?
1
Suppose 12 = 4*r - r. Suppose r*c + c = 145. What is the tens digit of c?
2
Suppose -t = -0*t - 5, 2*t = -r + 3. Suppose f + 3*b - b + 9 = 0, -2*f = -5*b. Let c = f - r. What is the units digit of c?
2
Suppose -s + 0*s = -2. Suppose 0 = 4*z + z - 2*o - 28, -2*z + 2*o = -16. Suppose z*q - 21 = -6*y + y, s*y = -4*q + 18. What is the units digit of y?
1
Let u(g) = -g + 10. Let q = 11 + -4. What is the units digit of u(q)?
3
Let x(r) = 2*r**2 + 4*r - 11. What is the units digit of x(-5)?
9
Let v(n) = 6*n - 5. Let r(i) = i + 1. Let p(h) = -2*r(h) + v(h). Let t be p(6). Let b = -11 + t. What is the units digit of b?
6
Suppose -262 = -4*l + 2*g - 52, -l + 5*g + 57 = 0. What is the tens digit of l?
5
Let m = -2 + 4. What is the units digit of m + -3 + 1*17?
6
Suppose -3*t = t. Let s(k) = -k - k**2 + 0*k + t*k - 5*k**3. What is the units digit of s(-1)?
5
Let f(b) = -b**3 + 7*b**2 + b + 6. Let m be f(6). Suppose -3*d - 9 = -m. Let a = -5 + d. What is the units digit of a?
8
Suppose y - 10 = 10. Let q be (-2)/(-7) - (-4)/(-14). Suppose q = 2*j - y + 2. What is the units digit of j?
9
Suppose -4*y - 2 = -18. Suppose y - 10 = -d. What is the units digit of d?
6
Suppose 7 = l + 1. Suppose 5*c - 29 + 9 = 0. What is the units digit of l/c - (-45)/10?
6
Let s(z) = -z**2 + 2. Let q be s(-2). What is the tens digit of 30/3 + 0/q?
1
Let n = 32 - -45. What is the units digit of n?
7
Suppose 0*c - 3*c + 27 = 0. Suppose 0 = 2*y + 3*p + 5, -3*y + 18 = -8*p + 4*p. Suppose -y*b = 1 - c. What is the units digit of b?
4
Let h = 6 - 1. Suppose 106 + 24 = h*p. What is the units digit of p?
6
Suppose -g = -5*g + 8. Suppose g = q + q. What is the units digit of q?
1
Suppose 2*b 